i.
13
Let r(t) = 7*t - 73. Suppose s + 3*q = 2*q + 17, 5*s + 4*q = 87. Let w be r(s). Calculate the greatest common divisor of w and 24.
12
Let q(a) = 2*a + 2 + 39*a**2 + 21*a**2 + 0. Let t be q(-1). Let s = 115 - t. What is the highest common factor of 5 and s?
5
Let k(s) = 11*s**2 + 3*s + 2. Let a be k(-2). Suppose 0 = 4*b - 4*f - a, 2*b - 3*f = -2*f + 25. Calculate the highest common divisor of b and 3.
3
Suppose -3*q - 183 = -a - q, 688 = 4*a + 3*q. Suppose g + a = 198. What is the greatest common factor of g and 184?
23
Let o(k) = 21*k - 12 - 16*k - 10*k. Let f be o(-5). What is the greatest common factor of f and 65?
13
Let k = -61 - -138. Suppose 2*j - 250 = -5*c, c - 2*c + 5*j + k = 0. Calculate the highest common divisor of 13 and c.
13
Suppose -17 = -3*p - 2*l, 10*p - 6*p + 2*l - 20 = 0. What is the greatest common factor of 96 and p?
3
Let c be ((-21)/(-42))/(-1 - 3522/(-3520)). Suppose 5*q - 2*o = c, -3*q - o = 2*q - 880. Calculate the highest common factor of 16 and q.
16
Let u be 6/14 + 200/56. Let f(l) = l**3 + 15*l**2 + 8*l - 34. Let v be f(-14). Suppose -u*x = -v - 30. What is the highest common divisor of 4 and x?
4
Let d be -3 + 28 + (0 - -2). Let b(k) = 8*k - 15. Let n be b(12). What is the highest common factor of n and d?
27
Suppose -5*w + 2*f + 9 = 0, -5*w + 24 + 3 = 4*f. Suppose w*g + 11 = 41. Calculate the highest common factor of 4 and g.
2
Let r = 16 - -24. Suppose 8*n = 172 + 132. Suppose n + r = 2*i. Calculate the highest common divisor of i and 26.
13
Let f be -3*(0 - (-20)/(-6)). Let x = 331 + -329. Let v = f - x. Calculate the greatest common factor of v and 56.
8
Suppose 5*d = -4*b - 92, -5*d - 1 = b + 7. Let c = b + 31. Let n(h) = 2*h**2 - 4*h - 1. Let f be n(c). What is the highest common divisor of f and 10?
5
Let a be (53/5)/((-6)/(-30)). Suppose 5*d - a - 7 = 0. What is the greatest common factor of d and 132?
12
Let l = -7 + -12. Let f be 3/(-9) + (-204)/9. Let t = l - f. Calculate the highest common factor of t and 44.
4
Let i(w) = w - 33. Let g be i(18). Let s be (-3)/12*-4 - g. What is the highest common factor of s and 96?
16
Let j be (-22)/(-3) - 52/39. What is the greatest common factor of j and 9?
3
Let h(w) = w**3 - 22*w**2 - 5*w + 138. Let l be h(22). Calculate the highest common factor of l and 112.
28
Let n(t) = t**3 + 12*t**2 + 13*t - 6. Let v be n(-10). Suppose u + u = 2*d + v, -2*u = -5*d - 67. What is the highest common divisor of u and 248?
31
Suppose -q - 4*a - 12 = 0, -4*q + 2*q = 2*a + 6. Let n(x) = -x**3 + 2*x**2 - x + 36. Let h be n(q). Calculate the greatest common divisor of 396 and h.
36
Let m(n) = 12*n - 2. Let l be m(-6). Let b = 104 + l. Suppose 0 = -2*c - 6, 206*z - 202*z + 3*c - 3 = 0. Calculate the highest common factor of b and z.
3
Let s(n) = n**3 + 7*n**2 + n - 1. Let d be s(-6). Let r be 20/2 - (-119 - 103). What is the highest common factor of d and r?
29
Let g be (-31 + 1 + 2)*-1. Let t(v) = 34*v - 1. Let q be t(2). Let i = q + -11. Calculate the greatest common divisor of i and g.
28
Let t(r) = r**3 + 2*r**2 - 4*r. Let o be t(-3). Let s be (-1 + 0)*o - 0. Let g = s - -20. What is the highest common factor of g and 153?
17
Suppose -134 + 350 = -4*c. Let d be (-6)/(-15) + c/(-15). Suppose t = d*t - 57. What is the greatest common factor of t and 133?
19
Suppose 0 = -2*h + 6 - 0, -4*j = -5*h - 397. Let y = j - 60. Calculate the highest common divisor of 129 and y.
43
Suppose 4*z - 3*j - 73 = 3*z, 0 = -z - j + 69. Let x be 2/3*1*-3. Let y be x - 1*-2 - -14. Calculate the greatest common divisor of y and z.
14
Let n be 28/(-98) + 108/(-14). Let q = 8 - 2. Let h be 135/(-18)*n/q. Calculate the highest common factor of h and 70.
10
Suppose -2*d - 2*d + 4862 = p, -d + 2*p = -1220. Suppose -3*a - 7*f = -2*f - 912, -f = -4*a + d. What is the greatest common factor of a and 38?
38
Suppose h - 30 = -0*h + 3*d, 105 = 2*h + 3*d. Let o be 4/6 + (-268)/(-3). Suppose 4*n = n + o. What is the greatest common factor of n and h?
15
Let b(f) = -4 + 3 - 2*f + 19*f. Let c be b(1). Let h(d) = d**3 - d**2 - 7*d + 6. Let o be h(6). Calculate the highest common divisor of c and o.
16
Let i be (-172)/(-387) + 401/9. Calculate the greatest common divisor of 35 and i.
5
Let y = -153 + 186. What is the greatest common divisor of 3 and y?
3
Let t be 6 - ((-3)/((-12)/(-824)) - -2). What is the greatest common divisor of t and 105?
105
Suppose 16 = b + 4*f + 3, -5*f = -10. Suppose 21 + 29 = b*t. What is the highest common factor of t and 4?
2
Suppose 2*y - 4*y - 2*w = -52, -3*y + 93 = -2*w. Calculate the greatest common factor of y and 29.
29
Suppose 685 = 3*w + w + 5*r, -2*w - r = -341. Calculate the highest common factor of 34 and w.
34
Let n = 962 - 899. What is the highest common factor of 18 and n?
9
Let q = -34 - -34. Suppose 0 = -9*f + 4*f + 300. Suppose -5*h + 2*h + f = q. Calculate the greatest common divisor of 10 and h.
10
Let u = 463 + -439. Let p = -16 + 22. What is the greatest common divisor of u and p?
6
Suppose -z = 4*j, j + z + 2*z = 11. Let b(x) = 7*x**2 + x. Let t be b(j). Suppose p = 3 + t. What is the highest common divisor of 27 and p?
9
Let x be 3*1 + 276 + (8 - 13). Let h = 498 - x. What is the greatest common divisor of h and 28?
28
Let s be 2/(-3 - 2 - -4). Let y be (-5)/2*8*s. Suppose -2*g = 2*g - 40. What is the highest common factor of g and y?
10
Suppose 4*p - 354 = -p - 4*t, -3*t = -p + 67. What is the highest common factor of 30 and p?
10
Suppose 0 = -40*i + 1192 - 112. Calculate the greatest common divisor of 54 and i.
27
Suppose 129 = 20*v - 19*v. What is the greatest common factor of 129 and v?
129
Let n(z) = 9*z. Let i be n(10). Suppose -4*j + i = -j. Suppose -6 = -o - 0*o. Calculate the highest common factor of j and o.
6
Suppose -4*b = 2*w - 220, -2*b + 434 = 44*w - 40*w. Calculate the greatest common factor of w and 378.
54
Let f(r) = 3*r**3 - 4*r - 7. Let w(s) = s**3 - s**2 - s + 1. Let p(j) = -f(j) + 2*w(j). Let g be p(0). Calculate the greatest common factor of g and 45.
9
Suppose 8 = 5*w + 4*x, 0*w + w + 5*x + 11 = 0. Calculate the highest common factor of 20 and w.
4
Let z = -9 - -12. Suppose -u - z*u - 3*r = 16, 3*u - 2*r = -12. Let v = 21 - u. What is the greatest common factor of 5 and v?
5
Let n(p) = p**2 + p - 7. Let z be n(-4). Let u be (3 - z)*(-51)/6. Suppose 12 = -3*q + 471. What is the greatest common divisor of q and u?
17
Let x be (48 - 20)/(0 - 1/(-2)). Suppose -2*w + 126 = w. Calculate the highest common factor of w and x.
14
Let p be (-3)/((2*(-6)/(-224))/(-4)). Let b = -149 + p. What is the greatest common factor of 30 and b?
15
Suppose -55*b + 50*b = -195. Suppose 13*q - 9*q = 28. Suppose -4*g = -q*g + 78. Calculate the greatest common factor of g and b.
13
Let i = -1120 - -1154. Calculate the highest common divisor of 272 and i.
34
Let t(q) = -q**2 + 2*q - 7 - 1 - 2*q**2 - q**3. Let x be t(-6). What is the highest common factor of x and 11?
11
Let d = 290 - 260. Calculate the greatest common divisor of d and 9.
3
Let r(j) = -3*j**3 - 17*j**2 - 8*j + 4. Let o be r(-7). Calculate the highest common divisor of o and 16.
16
Suppose 10*j - 66 = 7*j - 2*v, 34 = 2*j - 2*v. What is the highest common factor of 30 and j?
10
Suppose 2*p - 6*q = -2*q, q = -4*p + 18. Let l = p + 20. Suppose -u - 27 = -4*w + 2*u, 3*w - l = u. Calculate the greatest common divisor of 6 and w.
3
Let j be 1/((-2)/(-4)*-2). Let h(q) = q**3 - 2*q - 1. Let v be h(j). Suppose -4*p + 8*p - 84 = v. Calculate the greatest common factor of 63 and p.
21
Let f be (2/(-6)*4)/((-20)/105). Calculate the highest common divisor of f and 140.
7
Let p(w) = w**3 + 19*w**2 - 23*w - 57. Let b be p(-20). Suppose 47 = b*a + 2*v, 8 = 3*v - v. Calculate the highest common factor of 52 and a.
13
Let k(b) = 3*b**2 - 11*b. Suppose 2*a - 21 = -11. Let m be k(a). Calculate the highest common divisor of m and 30.
10
Suppose -8766*c = -8776*c + 1140. Calculate the greatest common factor of c and 171.
57
Suppose -m = 3 - 20. Suppose 0 = 3*r - 7*r + 12. Suppose -2*x + r*h - 125 = -3*x, 0 = h - 2. Calculate the greatest common divisor of m and x.
17
Let i(d) = d**3 + 4*d**2 - 2*d - 5. Let h be i(-4). Suppose -y + 484 = h*y. Let l = -463 + 474. Calculate the highest common divisor of l and y.
11
Let o 